 common factor of l and 2?
2
Let r(i) = 96*i**2 - i + 1. Let m be r(1). Suppose 0 = g + 2*g - 36. Calculate the greatest common divisor of m and g.
12
Suppose a = -2*u + 414, 2*u - 2*a - 398 = -7*a. Calculate the greatest common factor of 19 and u.
19
Let l(a) = 5*a - 2. Let w be l(2). Let x be (-990)/(-255) + (-2)/(-17). Calculate the greatest common divisor of w and x.
4
Let i be 54/15 - (-6)/(-10). Calculate the greatest common divisor of 6 and i.
3
Let y be (-417)/(-9) - (-2)/(-6). Let q = -29 + y. Calculate the highest common divisor of q and 17.
17
Let t(a) be the second derivative of -a**5/20 + 5*a**4/12 + a**3/3 + 7*a**2/2 + 6*a. Let b be t(5). Calculate the highest common divisor of b and 34.
17
Let x be -4*(-12)/32*-1*-2. Suppose 3*o = 10 + 2. Suppose -o = -a - 1. Calculate the greatest common divisor of x and a.
3
Let k(s) = -s**2 + 8*s - 7. Let q be k(5). Let c = 13 - 9. Suppose 11 = 2*h + c*i - 3*i, 3*h = -2*i + 14. Calculate the highest common divisor of h and q.
8
Let a be ((-5)/(-5))/((-3)/(-3)). Suppose -4*d = -0*d - 12. What is the greatest common divisor of d and a?
1
Suppose 5*j - 28 = -3*v, j - v - 36 = -3*j. Calculate the highest common factor of j and 24.
8
Suppose 5*r = 99 + 66. Let h = r + 55. What is the greatest common divisor of h and 8?
8
Let n(y) = -y**3 - 7*y**2 - 2*y + 7. Let b be n(-7). Let c = b - 10. Let w = c - -1. Calculate the greatest common divisor of 132 and w.
12
Let x be (-20)/(1 - 28/24). Calculate the greatest common divisor of 30 and x.
30
Let u be 1 - -22 - 3*(-2)/6. What is the greatest common divisor of 24 and u?
24
Let n be 20/2*9/6. Calculate the greatest common factor of 165 and n.
15
Let n = -11 + 29. Suppose n = 4*o - o. What is the greatest common divisor of 48 and o?
6
Suppose d + 5 = 93. Suppose 2*k = -4*b - 4, 4*k + b - 8 = 19. Calculate the greatest common factor of k and d.
8
Let n(r) = r**3 + 4*r**2 - 10*r + 1. Let z be n(-5). What is the greatest common factor of z and 182?
26
Let v = -56 + 58. What is the greatest common factor of 22 and v?
2
Suppose 218 = 10*u - 582. What is the greatest common factor of 20 and u?
20
Let b be (1 - -3) + 2 + -4. Let l be -1 - -1 - (-3 + 1). What is the greatest common factor of b and l?
2
Let n be (-49 - -1)*(363/44 - 9). Suppose -7*z + 2*z - 25 = 0. Let c = z + 14. Calculate the greatest common factor of c and n.
9
Let t = 8 - -72. Calculate the highest common factor of 16 and t.
16
Let z = -117 + 161. Let f = 8 + -2. Let s be (4/3)/(2/f). What is the greatest common divisor of z and s?
4
Suppose -4*o + 0 = -2*z + 4, -3*o + 9 = 0. Let f = 43 - z. Suppose 3*s - f = -8. What is the greatest common factor of s and 1?
1
Let i(q) = -q - 2. Let x(d) = -4*d - 5. Let t(b) = 11*i(b) - 4*x(b). Let v be t(2). What is the highest common divisor of v and 24?
8
Let q = -281 + 471. What is the greatest common factor of 10 and q?
10
Suppose y - u = 43, 4*u - 9*u = -3*y + 125. Suppose 0 = 2*o - 5 - 13. Suppose -o = -2*m + 9. Calculate the greatest common divisor of m and y.
9
Let l = 194 - 110. What is the highest common divisor of 21 and l?
21
Let v(a) = a + 5. Let z be v(-5). Suppose j - 3*r + 0*r - 18 = z, 5*j - 3*r - 30 = 0. Let p = 31 + -29. What is the highest common factor of j and p?
1
Suppose -4*c + 40 = -l, 0 = 3*c - 8*c + 2*l + 47. Let z = 21 - c. Let u = 24 - 14. Calculate the greatest common factor of z and u.
10
Let w = -89 + 64. Let y = 58 + w. Let d = y - 15. Calculate the greatest common divisor of d and 6.
6
Suppose 11*j - 23 = 87. Suppose -h = -6*h - 10. Let n be (55/2)/(h/(-8)). Calculate the greatest common divisor of n and j.
10
Let w(p) = -p**2 + 16*p + 18. Let z be w(13). Calculate the greatest common factor of 38 and z.
19
Let y be ((-18)/(-7))/(18/84). What is the greatest common divisor of 30 and y?
6
Suppose -u + 3*r = 2 - 152, 0 = u + 3*r - 138. Calculate the greatest common factor of 9 and u.
9
Let h(w) = w**2 + 7*w + 5. Let k be h(-7). Suppose q = -2*u - 4, -3*u - 13 - 6 = -k*q. Let s be (2 + 19)*2/q. Calculate the highest common factor of 14 and s.
7
Let h be 12 + -6 - (-5 + 2). Calculate the greatest common divisor of 9 and h.
9
Let l = 145 + -116. Calculate the highest common divisor of l and 319.
29
Let s(p) = p**3 + 18*p**2 - p + 24. Let m be s(-18). What is the greatest common divisor of 14 and m?
14
Suppose 4*u - 5*u + 60 = 0. Let p(z) = -6*z + 3. Let c be p(-2). Calculate the greatest common factor of c and u.
15
Suppose 3*z + 6 - 24 = 0. What is the greatest common divisor of z and 30?
6
Suppose -5*b - 3*w = -61, 3*b - 4*w = 5*b - 30. What is the greatest common factor of b and 88?
11
Suppose -45 = -5*x + 5*g, -2*x = 3*x - 3*g - 35. Suppose 3*l = 5*h + 76, -3*h - 2*h = -x*l + 103. Calculate the greatest common divisor of l and 3.
3
Let u be ((-33)/2)/(-4 + (-21)/(-6)). What is the highest common divisor of u and 99?
33
Suppose 0*f - c - 47 = -2*f, 38 = 3*f + 5*c. What is the highest common divisor of 42 and f?
21
Let m be 70/(2/(-4)*-4). What is the highest common factor of m and 245?
35
Let b be 7 + -8 + -1 + 26. Suppose 4 = 5*d - 66. Let c be 80/d + (-4)/(-14). Calculate the highest common factor of b and c.
6
Suppose 0 = 5*j - 2*j - 18. Let z be (-3)/j - 26/(-4). Suppose 5*o - 18 = 4*o. Calculate the highest common divisor of z and o.
6
Suppose 5*x - 278 = -b, -3*x - 880 = -4*b + 140. Let k = b + -93. What is the highest common factor of 15 and k?
15
Suppose 2*g - 5 = -w, 2*g = 5*w + 6*g - 31. Let i = 8 + -5. Let p be (7/i)/(2/6). What is the highest common factor of w and p?
7
Let f be ((-8)/(-10))/(2/(-10)). Let t = 8 + f. Suppose -t + 24 = 2*h. Calculate the highest common divisor of h and 15.
5
Suppose 0 = -q - 2*y + 7, 4*y + 0*y = -12. Let s be 4/10 - (-4664)/40. Calculate the highest common divisor of q and s.
13
Suppose -4*y = -5*y - k + 84, -3*k = -4*y + 371. Let h be 3 + -2 + 0 + y. Suppose -7 = -2*i + 13. Calculate the highest common divisor of i and h.
10
Suppose -17*o = -24*o + 301. Calculate the highest common factor of 43 and o.
43
Let x be (-141)/(-15) + (-14)/35. Calculate the highest common divisor of 81 and x.
9
Suppose 2*s + 2*t = 4*s - 26, -4*t + 28 = 4*s. Let q = -5 + s. Suppose 4*b = q*b - 6. Calculate the greatest common factor of 54 and b.
6
Let b be (-14)/(-21)*(-162)/(-4). What is the greatest common factor of b and 9?
9
Suppose 0*j + 4 = 2*j. Let z = 5 - j. Calculate the greatest common divisor of z and 3.
3
Let a(l) = l**2 - l + 4. Let r be (-2 - 0/2) + -1. Let x be a(r). What is the greatest common divisor of 4 and x?
4
Let q(w) = -45*w - 5. Let x be q(-5). Suppose r = -77 + x. Suppose -p = 4*p - 65. What is the greatest common factor of r and p?
13
Suppose -17 = -3*o - 4*y, -3*o + 48 = o - y. What is the greatest common factor of o and 88?
11
Suppose -u - s + 51 = 0, 2*s - 1 = 5. Calculate the highest common factor of u and 12.
12
Let f be 8/(-12)*(-1479)/2. Let g be (-12)/(-18) - f/(-3). What is the greatest common factor of g and 15?
15
Let d = 11 - 5. Let z be ((-4)/3)/((-1)/d). Let r(i) = i**3 - 9*i**2 + 10*i - 5. Let u be r(z). Calculate the highest common divisor of 22 and u.
11
Suppose 32 + 29 = 3*y + 4*m, 2*m + 10 = 0. Calculate the highest common factor of 297 and y.
27
Suppose 0*l - l = 1. Let q be ((-8)/16)/(l/506). What is the greatest common divisor of q and 23?
23
Suppose 32 = 8*p - 120. What is the greatest common divisor of p and 19?
19
Suppose 24 = 4*b - b. Let k be b/(-44) - 180/(-22). Suppose -d + 4*t = k, -2*d + 0*d = -t - 12. What is the greatest common factor of 2 and d?
2
Let g(s) = -s + 2. Let d be g(-9). Calculate the highest common factor of 88 and d.
11
Let d(n) = n**2 + 4*n - 2. Let h be d(-5). Suppose 0 = -h*m + 4*m - 18. Calculate the greatest common divisor of m and 36.
18
Let t = 25 + -17. Let v(w) = -w**3 + 9*w**2 - 8*w + 3. Let r be v(t). Let q be -36*(14/(-4) + r). Calculate the greatest common divisor of q and 6.
6
Suppose -i - 1080 = -5*i. Suppose u = 4*u - i. What is the highest common factor of u and 10?
10
Let n(q) = q**2 - 6*q - 1. Let r be n(-7). Let j be (12/7)/((-2)/(-21)). Calculate the highest common divisor of j and r.
18
Let y = -5 + 20. Suppose -3*c + y = -8*c, 0 = p - 4*c - 30. What is the highest common factor of 6 and p?
6
Suppose 6*a -